{"id":1832,"date":"2022-02-09T20:02:47","date_gmt":"2022-02-09T20:02:47","guid":{"rendered":"https:\/\/vinnuverndarnamskeid.is\/?page_id=1832"},"modified":"2026-04-22T10:02:17","modified_gmt":"2026-04-22T10:02:17","slug":"oryggistrunadarmenn-og-oryggisverdir","status":"publish","type":"page","link":"https:\/\/vinnuverndarnamskeid.is\/index.php\/oryggistrunadarmenn-og-oryggisverdir\/","title":{"rendered":"\u00d6ryggistr\u00fana\u00f0armenn og \u00f6ryggisver\u00f0ir"},"content":{"rendered":"\t\t<div data-elementor-type=\"wp-page\" data-elementor-id=\"1832\" class=\"elementor elementor-1832\">\n\t\t\t\t\t\t<section class=\"elementor-section elementor-top-section elementor-element elementor-element-751bc9af ct-section-stretched elementor-section-full_width elementor-section-height-min-height elementor-section-height-default elementor-section-items-middle\" data-id=\"751bc9af\" data-element_type=\"section\" data-e-type=\"section\" data-settings=\"{&quot;background_background&quot;:&quot;classic&quot;}\">\n\t\t\t\t\t\t<div class=\"elementor-container elementor-column-gap-default\">\n\t\t\t\t\t<div class=\"elementor-column elementor-col-100 elementor-top-column elementor-element elementor-element-29c0e34b\" data-id=\"29c0e34b\" data-element_type=\"column\" data-e-type=\"column\">\n\t\t\t<div class=\"elementor-widget-wrap elementor-element-populated\">\n\t\t\t\t\t\t<div class=\"elementor-element elementor-element-2e8df8b8 elementor-widget elementor-widget-heading\" data-id=\"2e8df8b8\" data-element_type=\"widget\" data-e-type=\"widget\" data-widget_type=\"heading.default\">\n\t\t\t\t<div class=\"elementor-widget-container\">\n\t\t\t\t\t<h1 class=\"elementor-heading-title elementor-size-default\">\u00d6ryggistr\u00fana\u00f0armenn og \u00f6ryggisver\u00f0ir<\/h1>\t\t\t\t<\/div>\n\t\t\t\t<\/div>\n\t\t\t\t\t<\/div>\n\t\t<\/div>\n\t\t\t\t\t<\/div>\n\t\t<\/section>\n\t\t\t\t<section class=\"elementor-section elementor-top-section elementor-element elementor-element-3bece2bd elementor-section-boxed elementor-section-height-default elementor-section-height-default\" data-id=\"3bece2bd\" data-element_type=\"section\" data-e-type=\"section\">\n\t\t\t\t\t\t<div class=\"elementor-container elementor-column-gap-no\">\n\t\t\t\t\t<div class=\"elementor-column elementor-col-50 elementor-top-column elementor-element elementor-element-52476f38\" data-id=\"52476f38\" data-element_type=\"column\" data-e-type=\"column\">\n\t\t\t<div class=\"elementor-widget-wrap elementor-element-populated\">\n\t\t\t\t\t\t<div class=\"elementor-element elementor-element-6144df3 elementor-widget elementor-widget-text-editor\" data-id=\"6144df3\" data-element_type=\"widget\" data-e-type=\"widget\" data-widget_type=\"text-editor.default\">\n\t\t\t\t<div class=\"elementor-widget-container\">\n\t\t\t\t\t\t\t\t\t<p>Fari\u00f0 er yfir hlutverk \u00f6ryggistr\u00fana\u00f0armanna, \u00f6ryggisvar\u00f0a og \u00f6ryggisnefnda \u00e1 vinnust\u00f6\u00f0um.<\/p><p>Vinnuverndarl\u00f6gin og regluger\u00f0ir um vinnuverndarm\u00e1l eru kynnt. Fari\u00f0 er yfir helstu m\u00e1laflokka vinnuverndarinnar, s.s. l\u00edkamsbeitingu, efni og inniloft, v\u00e9lar og t\u00e6ki, umhverfis\u00fe\u00e6tti eins og t.d. h\u00e1va\u00f0a og l\u00fdsingu og s\u00e1lf\u00e9lagslegt vinnuumhverfi, einelti og \u00e1reitni. Fari\u00f0 er \u00edtarlega yfir \u00e1h\u00e6ttumat starfa en \u00fea\u00f0 er helsta hlutverk \u00f6ryggistr\u00fana\u00f0armanna og \u00f6ryggisvar\u00f0a a\u00f0 framkv\u00e6ma \u00fea\u00f0 og fylgja \u00fev\u00ed eftir.<\/p><p>N\u00e1mskei\u00f0i\u00f0 fylgir n\u00e1mskr\u00e1 fr\u00e1 Vinnueftirlitinu.\u00a0<\/p>\t\t\t\t\t\t\t\t<\/div>\n\t\t\t\t<\/div>\n\t\t\t\t<div class=\"elementor-element elementor-element-bd89349 elementor-widget elementor-widget-video\" data-id=\"bd89349\" data-element_type=\"widget\" data-e-type=\"widget\" data-settings=\"{&quot;video_type&quot;:&quot;hosted&quot;,&quot;controls&quot;:&quot;yes&quot;}\" data-widget_type=\"video.default\">\n\t\t\t\t<div class=\"elementor-widget-container\">\n\t\t\t\t\t\t\t<div class=\"e-hosted-video elementor-wrapper elementor-open-inline\">\n\t\t\t\t\t<video class=\"elementor-video\" src=\"https:\/\/vinnuverndarnamskeid.is\/wp-content\/uploads\/2022\/09\/001-Demo-fyrir-OT.mp4\" controls=\"\" preload=\"metadata\" controlsList=\"nodownload\"><\/video>\n\t\t\t\t<\/div>\n\t\t\t\t\t\t<\/div>\n\t\t\t\t<\/div>\n\t\t\t\t\t<\/div>\n\t\t<\/div>\n\t\t\t\t<div class=\"elementor-column elementor-col-50 elementor-top-column elementor-element elementor-element-5a083e59\" data-id=\"5a083e59\" data-element_type=\"column\" data-e-type=\"column\">\n\t\t\t<div class=\"elementor-widget-wrap elementor-element-populated\">\n\t\t\t\t\t\t<div class=\"elementor-element elementor-element-582079a5 elementor-widget elementor-widget-heading\" data-id=\"582079a5\" data-element_type=\"widget\" data-e-type=\"widget\" data-widget_type=\"heading.default\">\n\t\t\t\t<div class=\"elementor-widget-container\">\n\t\t\t\t\t<h4 class=\"elementor-heading-title elementor-size-default\">Ver\u00f0 og uppl\u00fdsingar<\/h4>\t\t\t\t<\/div>\n\t\t\t\t<\/div>\n\t\t\t\t<div class=\"elementor-element elementor-element-ef3ce81 elementor-widget elementor-widget-text-editor\" data-id=\"ef3ce81\" data-element_type=\"widget\" data-e-type=\"widget\" data-widget_type=\"text-editor.default\">\n\t\t\t\t<div class=\"elementor-widget-container\">\n\t\t\t\t\t\t\t\t\t<p>N\u00e1mskei\u00f0i\u00f0 fer b\u00e6\u00f0i fram \u00ed fjarn\u00e1mi og \u00fatsendingu gegnum Google Meet. Viku fyrir n\u00e1mskei\u00f0i\u00f0 f\u00e1 \u00fe\u00e1tttakendur senda fyrirlestra og verkefni sem \u00feeir sko\u00f0a \u00e1\u00f0ur en n\u00e1mskei\u00f0i\u00f0 er kl\u00e1ra\u00f0 \u00ed fjarfundi (Google Meet).<\/p><p>\u00c1 fjarfundinum eru rifju\u00f0 upp a\u00f0alatri\u00f0i n\u00e1mskei\u00f0sins og fari\u00f0 yfir verkefni n\u00e1mskei\u00f0sins. Einnig ver\u00f0a l\u00f6g\u00f0 fyrir raunh\u00e6f verkefni \u00ed \u00fatsendingunni.<\/p><p>Flest st\u00e9ttarf\u00e9l\u00f6g, Virk, Rafmennt, I\u00f0an, Vinnum\u00e1lastofnun og \u00c1ttin veita styrki fyrir n\u00e1mskei\u00f0inu e\u00f0a hluta \u00feess.<\/p><p>N\u00e6sta n\u00e1mskei\u00f0 ver\u00f0ur haldi\u00f0<\/p><ul><li>18. ma\u00ed 2026<\/li><\/ul><div><b>\u00datsendingin er fr\u00e1 13:00 til 15:00<\/b><\/div><div>\u00a0<\/div><p><strong>H\u00e6gt er a\u00f0 halda n\u00e1mskei\u00f0i\u00f0 fyrir einst\u00f6k fyrirt\u00e6ki eftir n\u00e1nara samkomulagi og a\u00f0laga \u00fea\u00f0 a\u00f0 vi\u00f0komandi starfsemi.<\/strong><\/p><p>Ver\u00f0 <strong>39.400 ISK<\/strong> \u00e1 mann<\/p>\t\t\t\t\t\t\t\t<\/div>\n\t\t\t\t<\/div>\n\t\t\t\t<div class=\"elementor-element elementor-element-255af6e elementor-mobile-align-justify elementor-align-justify elementor-widget elementor-widget-button\" data-id=\"255af6e\" data-element_type=\"widget\" data-e-type=\"widget\" data-widget_type=\"button.default\">\n\t\t\t\t<div class=\"elementor-widget-container\">\n\t\t\t\t\t\t\t\t\t<div class=\"elementor-button-wrapper\">\n\t\t\t\t\t<a class=\"elementor-button elementor-button-link elementor-size-sm\" href=\"https:\/\/vinnuverndarnamskeid.is\/index.php\/skraning-oryggistrunadarmenn\/\">\n\t\t\t\t\t\t<span class=\"elementor-button-content-wrapper\">\n\t\t\t\t\t\t\t\t\t<span class=\"elementor-button-text\">Skr\u00e1ning<\/span>\n\t\t\t\t\t<\/span>\n\t\t\t\t\t<\/a>\n\t\t\t\t<\/div>\n\t\t\t\t\t\t\t\t<\/div>\n\t\t\t\t<\/div>\n\t\t\t\t\t<\/div>\n\t\t<\/div>\n\t\t\t\t\t<\/div>\n\t\t<\/section>\n\t\t\t\t<\/div>\n\t\t","protected":false},"excerpt":{"rendered":"<p>\u00d6ryggistr\u00fana\u00f0armenn og \u00f6ryggisver\u00f0ir Fari\u00f0 er yfir hlutverk \u00f6ryggistr\u00fana\u00f0armanna, \u00f6ryggisvar\u00f0a og \u00f6ryggisnefnda \u00e1 vinnust\u00f6\u00f0um. Vinnuverndarl\u00f6gin og regluger\u00f0ir um vinnuverndarm\u00e1l eru kynnt. Fari\u00f0 er yfir helstu m\u00e1laflokka vinnuverndarinnar, s.s. l\u00edkamsbeitingu, efni og inniloft, v\u00e9lar og t\u00e6ki, umhverfis\u00fe\u00e6tti eins og t.d. h\u00e1va\u00f0a og l\u00fdsingu og s\u00e1lf\u00e9lagslegt vinnuumhverfi, einelti og \u00e1reitni. Fari\u00f0 er \u00edtarlega yfir \u00e1h\u00e6ttumat starfa en \u00fea\u00f0 [&hellip;]<\/p>\n","protected":false},"author":1,"featured_media":0,"parent":0,"menu_order":0,"comment_status":"closed","ping_status":"closed","template":"","meta":{"footnotes":""},"class_list":["post-1832","page","type-page","status-publish","hentry"],"blocksy_meta":{"styles_descriptor":{"styles":{"desktop":"","tablet":"","mobile":""},"google_fonts":[],"version":6}},"_links":{"self":[{"href":"https:\/\/vinnuverndarnamskeid.is\/index.php\/wp-json\/wp\/v2\/pages\/1832","targetHints":{"allow":["GET"]}}],"collection":[{"href":"https:\/\/vinnuverndarnamskeid.is\/index.php\/wp-json\/wp\/v2\/pages"}],"about":[{"href":"https:\/\/vinnuverndarnamskeid.is\/index.php\/wp-json\/wp\/v2\/types\/page"}],"author":[{"embeddable":true,"href":"https:\/\/vinnuverndarnamskeid.is\/index.php\/wp-json\/wp\/v2\/users\/1"}],"replies":[{"embeddable":true,"href":"https:\/\/vinnuverndarnamskeid.is\/index.php\/wp-json\/wp\/v2\/comments?post=1832"}],"version-history":[{"count":235,"href":"https:\/\/vinnuverndarnamskeid.is\/index.php\/wp-json\/wp\/v2\/pages\/1832\/revisions"}],"predecessor-version":[{"id":7059,"href":"https:\/\/vinnuverndarnamskeid.is\/index.php\/wp-json\/wp\/v2\/pages\/1832\/revisions\/7059"}],"wp:attachment":[{"href":"https:\/\/vinnuverndarnamskeid.is\/index.php\/wp-json\/wp\/v2\/media?parent=1832"}],"curies":[{"name":"wp","href":"https:\/\/api.w.org\/{rel}","templated":true}]}}