{"id":3545,"date":"2023-04-19T10:32:52","date_gmt":"2023-04-19T10:32:52","guid":{"rendered":"https:\/\/vinnuverndarnamskeid.is\/?page_id=3545"},"modified":"2023-04-19T14:35:14","modified_gmt":"2023-04-19T14:35:14","slug":"skraning-vinnuvelar","status":"publish","type":"page","link":"https:\/\/vinnuverndarnamskeid.is\/index.php\/skraning-vinnuvelar\/","title":{"rendered":"Skr\u00e1ning vinnuv\u00e9lar"},"content":{"rendered":"\t\t<div data-elementor-type=\"wp-page\" data-elementor-id=\"3545\" class=\"elementor elementor-3545\">\n\t\t\t\t\t\t<section class=\"elementor-section elementor-top-section elementor-element elementor-element-2a3ca6e6 elementor-section-boxed elementor-section-height-default elementor-section-height-default\" data-id=\"2a3ca6e6\" data-element_type=\"section\" data-e-type=\"section\">\n\t\t\t\t\t\t<div class=\"elementor-container elementor-column-gap-default\">\n\t\t\t\t\t<div class=\"elementor-column elementor-col-33 elementor-top-column elementor-element elementor-element-6d16e3ef\" data-id=\"6d16e3ef\" data-element_type=\"column\" data-e-type=\"column\">\n\t\t\t<div class=\"elementor-widget-wrap\">\n\t\t\t\t\t\t\t<\/div>\n\t\t<\/div>\n\t\t\t\t<div class=\"elementor-column elementor-col-33 elementor-top-column elementor-element elementor-element-13ccb482\" data-id=\"13ccb482\" data-element_type=\"column\" data-e-type=\"column\">\n\t\t\t<div class=\"elementor-widget-wrap elementor-element-populated\">\n\t\t\t\t\t\t<div class=\"elementor-element elementor-element-3a147a0d elementor-widget elementor-widget-text-editor\" data-id=\"3a147a0d\" data-element_type=\"widget\" data-e-type=\"widget\" data-widget_type=\"text-editor.default\">\n\t\t\t\t<div class=\"elementor-widget-container\">\n\t\t\t\t\t\t\t\t\t\n<div class=\"forminator-guttenberg\"><div class=\"forminator-ui forminator-custom-form forminator-custom-form-3544 forminator-design--default  forminator_ajax\" data-forminator-render=\"1\" data-form=\"forminator-module-3544\" data-uid=\"69f311d20f99b\"><br\/><\/div><form\n\t\t\t\tid=\"forminator-module-3544\"\n\t\t\t\tclass=\"forminator-ui forminator-custom-form forminator-custom-form-3544 forminator-design--default  forminator_ajax\"\n\t\t\t\tmethod=\"post\"\n\t\t\t\tdata-forminator-render=\"1\"\n\t\t\t\tdata-form-id=\"3544\"\n\t\t\t\t data-color-option=\"default\" data-design=\"default\" data-grid=\"open\" style=\"display: none;\"\n\t\t\t\tdata-uid=\"69f311d20f99b\"\n\t\t\t><div role=\"alert\" aria-live=\"polite\" class=\"forminator-response-message forminator-error\" aria-hidden=\"true\"><\/div><div class=\"forminator-row\"><div id=\"section-1\" class=\"forminator-field-section forminator-col forminator-col-6 \"><div class=\"forminator-field\"><h2 class=\"forminator-title\">GREI\u00d0ANDI<\/h2><\/div><\/div><div id=\"select-1\" class=\"forminator-field-select forminator-col forminator-col-6 \"><div class=\"forminator-field\"><label for=\"forminator-form-3544__field--select-1_69f311d20f99b\" id=\"forminator-form-3544__field--select-1_69f311d20f99b-label\" class=\"forminator-label\">VELDU N\u00c1MSKEI\u00d0<\/label><select  id=\"forminator-form-3544__field--select-1_69f311d20f99b\" class=\"forminator-select--field forminator-select2 forminator-select2-multiple\" data-required=\"\" name=\"select-1\" data-default-value=\"\" data-placeholder=\"\" data-search=\"false\" data-search-placeholder=\"\" data-checkbox=\"false\" data-allow-clear=\"false\" aria-labelledby=\"forminator-form-3544__field--select-1_69f311d20f99b-label\"><option value=\"Grunnn\u00e1mskei\u00f0-vinnuv\u00e9la-\u00e1-\u00edslensku\"  data-calculation=\"0\">Grunnn\u00e1mskei\u00f0 vinnuv\u00e9la \u00e1 \u00edslensku<\/option><option value=\"Grunnn\u00e1mskei\u00f0-vinnuv\u00e9la-\u00e1-ensku\"  data-calculation=\"0\">Grunnn\u00e1mskei\u00f0 vinnuv\u00e9la \u00e1 ensku<\/option><option value=\"Grunnn\u00e1mskei\u00f0-vinnuv\u00e9la-\u00e1-p\u00f3lsku\"  data-calculation=\"0\">Grunnn\u00e1mskei\u00f0 vinnuv\u00e9la \u00e1 p\u00f3lsku<\/option><option value=\"Br\u00fakranan\u00e1mskei\u00f0\"  data-calculation=\"0\">Br\u00fakranan\u00e1mskei\u00f0<\/option><option value=\"Br\u00fakranan\u00e1mskei\u00f0-\u00e1-ensku\"  data-calculation=\"0\">Br\u00fakranan\u00e1mskei\u00f0 \u00e1 ensku<\/option><option value=\"Br\u00fakranan\u00e1mskei\u00f0-\u00e1-p\u00f3lsku\"  data-calculation=\"0\">Br\u00fakranan\u00e1mskei\u00f0 \u00e1 p\u00f3lsku<\/option><\/select><\/div><\/div><\/div><div class=\"forminator-row\"><div id=\"name-1\" class=\"forminator-field-name forminator-col forminator-col-12 \"><div class=\"forminator-field\"><label for=\"forminator-field-name-1_69f311d20f99b\" id=\"forminator-field-name-1_69f311d20f99b-label\" class=\"forminator-label\">Nafn grei\u00f0anda <span class=\"forminator-required\">*<\/span><\/label><input type=\"text\" name=\"name-1\" value=\"\" placeholder=\"\" id=\"forminator-field-name-1_69f311d20f99b\" class=\"forminator-input forminator-name--field\" aria-required=\"true\" autocomplete=\"name\" \/><\/div><\/div><\/div><div class=\"forminator-row\"><div id=\"name-2\" class=\"forminator-field-name forminator-col forminator-col-4 \"><div class=\"forminator-field\"><label for=\"forminator-field-name-2_69f311d20f99b\" id=\"forminator-field-name-2_69f311d20f99b-label\" class=\"forminator-label\">Kennitala grei\u00f0anda <span class=\"forminator-required\">*<\/span><\/label><input type=\"text\" name=\"name-2\" value=\"\" placeholder=\"\" id=\"forminator-field-name-2_69f311d20f99b\" class=\"forminator-input forminator-name--field\" aria-required=\"true\" autocomplete=\"name\" \/><\/div><\/div><div id=\"phone-1\" class=\"forminator-field-phone forminator-col forminator-col-4 \"><div class=\"forminator-field\"><label for=\"forminator-field-phone-1_69f311d20f99b\" id=\"forminator-field-phone-1_69f311d20f99b-label\" class=\"forminator-label\">S\u00edman\u00famer <span class=\"forminator-required\">*<\/span><\/label><input type=\"text\" name=\"phone-1\" value=\"\" placeholder=\"\" id=\"forminator-field-phone-1_69f311d20f99b\" class=\"forminator-input forminator-field--phone\" data-required=\"1\" aria-required=\"true\" autocomplete=\"off\" \/><\/div><\/div><div id=\"email-1\" class=\"forminator-field-email forminator-col forminator-col-4 \"><div class=\"forminator-field\"><label for=\"forminator-field-email-1_69f311d20f99b\" id=\"forminator-field-email-1_69f311d20f99b-label\" class=\"forminator-label\">Netfang grei\u00f0anda <span class=\"forminator-required\">*<\/span><\/label><input type=\"email\" name=\"email-1\" value=\"\" placeholder=\"\" id=\"forminator-field-email-1_69f311d20f99b\" class=\"forminator-input forminator-email--field\" data-required=\"1\" aria-required=\"true\" autocomplete=\"email\" \/><\/div><\/div><\/div><div class=\"forminator-row\"><div id=\"checkbox-1\" class=\"forminator-field-checkbox forminator-col forminator-col-12 \"><div role=\"group\" class=\"forminator-field required\" aria-labelledby=\"forminator-checkbox-group-forminator-field-checkbox-1-69f311d20f99b-label\"><span id=\"forminator-checkbox-group-forminator-field-checkbox-1-69f311d20f99b-label\" class=\"forminator-label\">Hvar heyr\u00f0ir \u00fe\u00fa af n\u00e1mskei\u00f0inu okkar? <span class=\"forminator-required\">*<\/span><\/span><label id=\"forminator-field-checkbox-1-1-69f311d20f99b-label\" for=\"forminator-field-checkbox-1-1-69f311d20f99b\" class=\"forminator-checkbox\" title=\"Samf\u00e9lagsmi\u00f0lar\"><input type=\"checkbox\" name=\"checkbox-1[]\" value=\"one\" id=\"forminator-field-checkbox-1-1-69f311d20f99b\" aria-labelledby=\"forminator-field-checkbox-1-1-69f311d20f99b-label\" data-calculation=\"0\"   data-hidden-behavior=\"zero\"\/><span class=\"forminator-checkbox-box\" aria-hidden=\"true\"><\/span><span class=\"forminator-checkbox-label\">Samf\u00e9lagsmi\u00f0lar<\/span><\/label><label id=\"forminator-field-checkbox-1-2-69f311d20f99b-label\" for=\"forminator-field-checkbox-1-2-69f311d20f99b\" class=\"forminator-checkbox\" title=\"Me\u00f0m\u00e6li fr\u00e1 vini e\u00f0a samstarfsmanni\"><input type=\"checkbox\" name=\"checkbox-1[]\" value=\"two\" id=\"forminator-field-checkbox-1-2-69f311d20f99b\" aria-labelledby=\"forminator-field-checkbox-1-2-69f311d20f99b-label\" data-calculation=\"0\"   data-hidden-behavior=\"zero\"\/><span class=\"forminator-checkbox-box\" aria-hidden=\"true\"><\/span><span class=\"forminator-checkbox-label\">Me\u00f0m\u00e6li fr\u00e1 vini e\u00f0a samstarfsmanni<\/span><\/label><label id=\"forminator-field-checkbox-1-3-69f311d20f99b-label\" for=\"forminator-field-checkbox-1-3-69f311d20f99b\" class=\"forminator-checkbox\" title=\"Google-leit e\u00f0a augl\u00fdsingar \u00e1 netinu\"><input type=\"checkbox\" name=\"checkbox-1[]\" value=\"Google-leit-e\u00f0a-augl\u00fdsingar-\u00e1-netinu\" id=\"forminator-field-checkbox-1-3-69f311d20f99b\" aria-labelledby=\"forminator-field-checkbox-1-3-69f311d20f99b-label\" data-calculation=\"0\"   data-hidden-behavior=\"zero\"\/><span class=\"forminator-checkbox-box\" aria-hidden=\"true\"><\/span><span class=\"forminator-checkbox-label\">Google-leit e\u00f0a augl\u00fdsingar \u00e1 netinu<\/span><\/label><label id=\"forminator-field-checkbox-1-4-69f311d20f99b-label\" for=\"forminator-field-checkbox-1-4-69f311d20f99b\" class=\"forminator-checkbox\" title=\"\u00datvarp\"><input type=\"checkbox\" name=\"checkbox-1[]\" value=\"\u00datvarp\" id=\"forminator-field-checkbox-1-4-69f311d20f99b\" aria-labelledby=\"forminator-field-checkbox-1-4-69f311d20f99b-label\" data-calculation=\"0\"   data-hidden-behavior=\"zero\"\/><span class=\"forminator-checkbox-box\" aria-hidden=\"true\"><\/span><span class=\"forminator-checkbox-label\">\u00datvarp<\/span><\/label><label id=\"forminator-field-checkbox-1-5-69f311d20f99b-label\" for=\"forminator-field-checkbox-1-5-69f311d20f99b\" class=\"forminator-checkbox\" title=\"Anna\u00f0\"><input type=\"checkbox\" name=\"checkbox-1[]\" value=\"Anna\u00f0\" id=\"forminator-field-checkbox-1-5-69f311d20f99b\" aria-labelledby=\"forminator-field-checkbox-1-5-69f311d20f99b-label\" data-calculation=\"0\"   data-hidden-behavior=\"zero\"\/><span class=\"forminator-checkbox-box\" aria-hidden=\"true\"><\/span><span class=\"forminator-checkbox-label\">Anna\u00f0<\/span><\/label><\/div><\/div><\/div><div class=\"forminator-row\"><div id=\"section-3\" class=\"forminator-field-section forminator-col forminator-col-12 \"><div class=\"forminator-field\"><h3 class=\"forminator-subtitle\">\u00de\u00e1tttakendur f\u00e1 sendar uppl\u00fdsingar \u00ed t\u00f6lvup\u00f3sti til a\u00f0 byrja \u00e1 n\u00e1mskei\u00f0inu. ATH p\u00f3sturinn getur lent \u00ed ruslh\u00f3lfinu \/ spam<\/h3><\/div><\/div><\/div><div class=\"forminator-row\"><div id=\"section-2\" class=\"forminator-field-section forminator-col forminator-col-12 \"><div class=\"forminator-field\"><h2 class=\"forminator-title\">\u00de\u00c1TTTAKANDI<\/h2><h3 class=\"forminator-subtitle\">\u00deessu m\u00e1 sleppa ef grei\u00f0andi og \u00fe\u00e1tttakandi er einn og sami a\u00f0ili. Ef \u00fe\u00e1tttakendur eru fleiri en fj\u00f3rir skaltu hafa samband vi\u00f0 Gu\u00f0mund Kjerulf<\/h3><\/div><\/div><\/div><div class=\"forminator-row\"><div id=\"name-3\" class=\"forminator-field-name forminator-col forminator-col-12 \"><div class=\"forminator-field\"><label for=\"forminator-field-name-3_69f311d20f99b\" id=\"forminator-field-name-3_69f311d20f99b-label\" class=\"forminator-label\">Nafn<\/label><input type=\"text\" name=\"name-3\" value=\"\" placeholder=\"\" id=\"forminator-field-name-3_69f311d20f99b\" class=\"forminator-input forminator-name--field\" aria-required=\"false\" autocomplete=\"name\" \/><\/div><\/div><\/div><div class=\"forminator-row\"><div id=\"name-4\" class=\"forminator-field-name forminator-col forminator-col-6 \"><div class=\"forminator-field\"><label for=\"forminator-field-name-4_69f311d20f99b\" id=\"forminator-field-name-4_69f311d20f99b-label\" class=\"forminator-label\">Kennitala<\/label><input type=\"text\" name=\"name-4\" value=\"\" placeholder=\"\" id=\"forminator-field-name-4_69f311d20f99b\" class=\"forminator-input forminator-name--field\" aria-required=\"false\" autocomplete=\"name\" \/><\/div><\/div><div id=\"email-2\" class=\"forminator-field-email forminator-col forminator-col-6 \"><div class=\"forminator-field\"><label for=\"forminator-field-email-2_69f311d20f99b\" id=\"forminator-field-email-2_69f311d20f99b-label\" class=\"forminator-label\">Netfang<\/label><input type=\"email\" name=\"email-2\" value=\"\" placeholder=\"\" id=\"forminator-field-email-2_69f311d20f99b\" class=\"forminator-input forminator-email--field\" data-required=\"\" aria-required=\"false\" autocomplete=\"email\" \/><\/div><\/div><\/div><div class=\"forminator-row\"><div id=\"name-5\" class=\"forminator-field-name forminator-col forminator-col-12 \"><div class=\"forminator-field\"><label for=\"forminator-field-name-5_69f311d20f99b\" id=\"forminator-field-name-5_69f311d20f99b-label\" class=\"forminator-label\">Nafn<\/label><input type=\"text\" name=\"name-5\" value=\"\" placeholder=\"\" id=\"forminator-field-name-5_69f311d20f99b\" class=\"forminator-input forminator-name--field\" aria-required=\"false\" autocomplete=\"name\" \/><\/div><\/div><\/div><div class=\"forminator-row\"><div id=\"name-6\" class=\"forminator-field-name forminator-col forminator-col-6 \"><div class=\"forminator-field\"><label for=\"forminator-field-name-6_69f311d20f99b\" id=\"forminator-field-name-6_69f311d20f99b-label\" class=\"forminator-label\">Kennitala<\/label><input type=\"text\" name=\"name-6\" value=\"\" placeholder=\"\" id=\"forminator-field-name-6_69f311d20f99b\" class=\"forminator-input forminator-name--field\" aria-required=\"false\" autocomplete=\"name\" \/><\/div><\/div><div id=\"email-3\" class=\"forminator-field-email forminator-col forminator-col-6 \"><div class=\"forminator-field\"><label for=\"forminator-field-email-3_69f311d20f99b\" id=\"forminator-field-email-3_69f311d20f99b-label\" class=\"forminator-label\">Netfang<\/label><input type=\"email\" name=\"email-3\" value=\"\" placeholder=\"\" id=\"forminator-field-email-3_69f311d20f99b\" class=\"forminator-input forminator-email--field\" data-required=\"\" aria-required=\"false\" autocomplete=\"email\" \/><\/div><\/div><\/div><div class=\"forminator-row\"><div id=\"name-7\" class=\"forminator-field-name forminator-col forminator-col-12 \"><div class=\"forminator-field\"><label for=\"forminator-field-name-7_69f311d20f99b\" id=\"forminator-field-name-7_69f311d20f99b-label\" class=\"forminator-label\">Nafn<\/label><input type=\"text\" name=\"name-7\" value=\"\" placeholder=\"\" id=\"forminator-field-name-7_69f311d20f99b\" class=\"forminator-input forminator-name--field\" aria-required=\"false\" autocomplete=\"name\" \/><\/div><\/div><\/div><div class=\"forminator-row\"><div id=\"name-8\" class=\"forminator-field-name forminator-col forminator-col-6 \"><div class=\"forminator-field\"><label for=\"forminator-field-name-8_69f311d20f99b\" id=\"forminator-field-name-8_69f311d20f99b-label\" class=\"forminator-label\">Kennitala<\/label><input type=\"text\" name=\"name-8\" value=\"\" placeholder=\"\" id=\"forminator-field-name-8_69f311d20f99b\" class=\"forminator-input forminator-name--field\" aria-required=\"false\" autocomplete=\"name\" \/><\/div><\/div><div id=\"email-4\" class=\"forminator-field-email forminator-col forminator-col-6 \"><div class=\"forminator-field\"><label for=\"forminator-field-email-4_69f311d20f99b\" id=\"forminator-field-email-4_69f311d20f99b-label\" class=\"forminator-label\">Netfang<\/label><input type=\"email\" name=\"email-4\" value=\"\" placeholder=\"\" id=\"forminator-field-email-4_69f311d20f99b\" class=\"forminator-input forminator-email--field\" data-required=\"\" aria-required=\"false\" autocomplete=\"email\" \/><\/div><\/div><\/div><div class=\"forminator-row\"><div id=\"name-9\" class=\"forminator-field-name forminator-col forminator-col-12 \"><div class=\"forminator-field\"><label for=\"forminator-field-name-9_69f311d20f99b\" id=\"forminator-field-name-9_69f311d20f99b-label\" class=\"forminator-label\">Nafn<\/label><input type=\"text\" name=\"name-9\" value=\"\" placeholder=\"\" id=\"forminator-field-name-9_69f311d20f99b\" class=\"forminator-input forminator-name--field\" aria-required=\"false\" autocomplete=\"name\" \/><\/div><\/div><\/div><div class=\"forminator-row\"><div id=\"name-10\" class=\"forminator-field-name forminator-col forminator-col-6 \"><div class=\"forminator-field\"><label for=\"forminator-field-name-10_69f311d20f99b\" id=\"forminator-field-name-10_69f311d20f99b-label\" class=\"forminator-label\">Kennitala<\/label><input type=\"text\" name=\"name-10\" value=\"\" placeholder=\"\" id=\"forminator-field-name-10_69f311d20f99b\" class=\"forminator-input forminator-name--field\" aria-required=\"false\" autocomplete=\"name\" \/><\/div><\/div><div id=\"email-5\" class=\"forminator-field-email forminator-col forminator-col-6 \"><div class=\"forminator-field\"><label for=\"forminator-field-email-5_69f311d20f99b\" id=\"forminator-field-email-5_69f311d20f99b-label\" class=\"forminator-label\">Netfang<\/label><input type=\"email\" name=\"email-5\" value=\"\" placeholder=\"\" id=\"forminator-field-email-5_69f311d20f99b\" class=\"forminator-input forminator-email--field\" data-required=\"\" aria-required=\"false\" autocomplete=\"email\" \/><\/div><\/div><\/div><input type=\"hidden\" name=\"referer_url\" value=\"\" \/><div class=\"forminator-row forminator-row-last\"><div class=\"forminator-col\"><div class=\"forminator-field\"><button class=\"forminator-button forminator-button-submit\">Senda<\/button><\/div><\/div><\/div><input type=\"hidden\" id=\"forminator_nonce\" name=\"forminator_nonce\" value=\"2bbfc4fe3f\" \/><input type=\"hidden\" name=\"_wp_http_referer\" value=\"\/index.php\/wp-json\/wp\/v2\/pages\/3545\" \/><input type=\"hidden\" name=\"form_id\" value=\"3544\"><input type=\"hidden\" name=\"page_id\" value=\"3545\"><input type=\"hidden\" name=\"form_type\" value=\"default\"><input type=\"hidden\" name=\"current_url\" value=\"https:\/\/vinnuverndarnamskeid.is\/index.php\/skraning-vinnuvelar\/\"><input type=\"hidden\" name=\"render_id\" value=\"1\"><input type=\"hidden\" name=\"action\" value=\"forminator_submit_form_custom-forms\"><\/form><\/div>\n\t\t\t\t\t\t\t\t<\/div>\n\t\t\t\t<\/div>\n\t\t\t\t\t<\/div>\n\t\t<\/div>\n\t\t\t\t<div class=\"elementor-column elementor-col-33 elementor-top-column elementor-element elementor-element-7360702d\" data-id=\"7360702d\" data-element_type=\"column\" data-e-type=\"column\">\n\t\t\t<div class=\"elementor-widget-wrap\">\n\t\t\t\t\t\t\t<\/div>\n\t\t<\/div>\n\t\t\t\t\t<\/div>\n\t\t<\/section>\n\t\t\t\t<\/div>\n\t\t","protected":false},"excerpt":{"rendered":"","protected":false},"author":1,"featured_media":0,"parent":0,"menu_order":0,"comment_status":"closed","ping_status":"closed","template":"","meta":{"footnotes":""},"class_list":["post-3545","page","type-page","status-publish","hentry"],"blocksy_meta":[],"_links":{"self":[{"href":"https:\/\/vinnuverndarnamskeid.is\/index.php\/wp-json\/wp\/v2\/pages\/3545","targetHints":{"allow":["GET"]}}],"collection":[{"href":"https:\/\/vinnuverndarnamskeid.is\/index.php\/wp-json\/wp\/v2\/pages"}],"about":[{"href":"https:\/\/vinnuverndarnamskeid.is\/index.php\/wp-json\/wp\/v2\/types\/page"}],"author":[{"embeddable":true,"href":"https:\/\/vinnuverndarnamskeid.is\/index.php\/wp-json\/wp\/v2\/users\/1"}],"replies":[{"embeddable":true,"href":"https:\/\/vinnuverndarnamskeid.is\/index.php\/wp-json\/wp\/v2\/comments?post=3545"}],"version-history":[{"count":7,"href":"https:\/\/vinnuverndarnamskeid.is\/index.php\/wp-json\/wp\/v2\/pages\/3545\/revisions"}],"predecessor-version":[{"id":3566,"href":"https:\/\/vinnuverndarnamskeid.is\/index.php\/wp-json\/wp\/v2\/pages\/3545\/revisions\/3566"}],"wp:attachment":[{"href":"https:\/\/vinnuverndarnamskeid.is\/index.php\/wp-json\/wp\/v2\/media?parent=3545"}],"curies":[{"name":"wp","href":"https:\/\/api.w.org\/{rel}","templated":true}]}}